{"id":200,"date":"2020-11-29T12:50:01","date_gmt":"2020-11-29T09:50:01","guid":{"rendered":"http:\/\/yerbilimleri.org\/?page_id=200"},"modified":"2020-11-29T13:15:39","modified_gmt":"2020-11-29T10:15:39","slug":"useful-links","status":"publish","type":"page","link":"https:\/\/yerbilimleri.org\/index.php\/en\/useful-links\/","title":{"rendered":"Useful links"},"content":{"rendered":"\n<p><\/p>\n\n\n\n<ul><li><strong><a href=\"http:\/\/www.igeoscied.org\">IGEO -International Geosiences Education Organisation (Uluslararas\u0131 yerbilimleri e\u011fitimi organizasyonu)<\/a><\/strong><\/li><li><strong><a href=\"https:\/\/www.jemirko.org.tr\">Jeolojik Miras\u0131 Koruma Derne\u011fi-JEM\u0130RKO<\/a><\/strong><\/li><li><strong><a href=\"https:\/\/www.sedimantoloji.org\">Sedimentoloji \u00c7al\u0131\u015fma Grubu -S\u00c7G<\/a><\/strong><\/li><li><strong><a href=\"http:\/\/paleontolojicalismagrubu.blogspot.com\/\">Paleontoloji \u00c7al\u0131\u015fma Grubu- P\u00c7G<\/a><\/strong><\/li><li><strong><a href=\"https:\/\/atag.itu.edu.tr\">Aktif tektonik Ara\u015ft\u0131rma Grubu ATAG<\/a><\/strong><\/li><li><strong><a href=\"https:\/\/www.jmo.org.tr\">Jeoloji M\u00fchendisleri Odas\u0131-JMO<\/a><\/strong><\/li><li><strong><a href=\"http:\/\/www.jeofizik.org.tr\">Jeofizik M\u00fchendisleri Odas\u0131<\/a><\/strong><\/li><li><strong><a href=\"http:\/\/www.maden.org.tr\">Maden M\u00fchendisleri Odas\u0131<\/a><\/strong><\/li><li><strong><a href=\"https:\/\/pmo.org.tr\">Petrol M\u00fchendisleri Odas\u0131<\/a><\/strong><\/li><li><strong><a href=\"https:\/\/www.meteoroloji.org.tr\">Meteoroloji M\u00fchendisleri Odas\u0131<\/a><\/strong><\/li><li><strong><a href=\"http:\/\/www.jd.org.tr\">Jeomorfoloji Derne\u011fi&nbsp;&nbsp;<\/a><\/strong><\/li><li><strong><a href=\"http:\/\/ck.org.tr\">T\u00fcrk Co\u011frafya Kurumu<\/a><\/strong><\/li><li><strong><a href=\"https:\/\/earthobservatory.nasa.gov\/blogs\/eokids\">Earthobservatory NASA-kids<\/a><\/strong><\/li><li><strong><a href=\"https:\/\/www.mta.gov.tr\">Maden Tetkik ve Ara\u015ft\u0131rma Enstit\u00fcs\u00fc<\/a><\/strong><\/li><li><strong><a rel=\"noreferrer noopener\" href=\"http:\/\/tag.eng.ankara.edu.tr\/\" target=\"_blank\">http:\/\/tag.eng.ankara.edu.tr<\/a><\/strong><\/li><\/ul>\n","protected":false},"excerpt":{"rendered":"<p>IGEO -International Geosiences Education Organisation (Uluslararas\u0131 yerbilimleri e\u011fitimi organizasyonu) Jeolojik Miras\u0131 Koruma Derne\u011fi-JEM\u0130RKO Sedimentoloji \u00c7al\u0131\u015fma Grubu -S\u00c7G Paleontoloji \u00c7al\u0131\u015fma Grubu- P\u00c7G Aktif tektonik Ara\u015ft\u0131rma Grubu ATAG Jeoloji M\u00fchendisleri Odas\u0131-JMO Jeofizik [&hellip;]<\/p>\n","protected":false},"author":1,"featured_media":0,"parent":0,"menu_order":0,"comment_status":"closed","ping_status":"closed","template":"","meta":{"_links_to":"","_links_to_target":""},"_links":{"self":[{"href":"https:\/\/yerbilimleri.org\/index.php\/wp-json\/wp\/v2\/pages\/200"}],"collection":[{"href":"https:\/\/yerbilimleri.org\/index.php\/wp-json\/wp\/v2\/pages"}],"about":[{"href":"https:\/\/yerbilimleri.org\/index.php\/wp-json\/wp\/v2\/types\/page"}],"author":[{"embeddable":true,"href":"https:\/\/yerbilimleri.org\/index.php\/wp-json\/wp\/v2\/users\/1"}],"replies":[{"embeddable":true,"href":"https:\/\/yerbilimleri.org\/index.php\/wp-json\/wp\/v2\/comments?post=200"}],"version-history":[{"count":2,"href":"https:\/\/yerbilimleri.org\/index.php\/wp-json\/wp\/v2\/pages\/200\/revisions"}],"predecessor-version":[{"id":244,"href":"https:\/\/yerbilimleri.org\/index.php\/wp-json\/wp\/v2\/pages\/200\/revisions\/244"}],"wp:attachment":[{"href":"https:\/\/yerbilimleri.org\/index.php\/wp-json\/wp\/v2\/media?parent=200"}],"curies":[{"name":"wp","href":"https:\/\/api.w.org\/{rel}","templated":true}]}}