{"id":186,"date":"2020-11-29T12:44:22","date_gmt":"2020-11-29T09:44:22","guid":{"rendered":"http:\/\/yerbilimleri.org\/?page_id=186"},"modified":"2020-12-03T22:10:03","modified_gmt":"2020-12-03T19:10:03","slug":"turkce-makaleler","status":"publish","type":"page","link":"https:\/\/yerbilimleri.org\/index.php\/turkce-makaleler\/","title":{"rendered":"T\u00fcrk\u00e7e Makaleler"},"content":{"rendered":"\n<h3><strong>\u0130lgili Dergiler<\/strong><\/h3>\n\n\n\n<ol><li><strong>MADEN TETKIK VE ARAMA DERGISI<br><\/strong><a href=\"https:\/\/dergi.mta.gov.tr\/\">https:\/\/dergi.mta.gov.tr\/<\/a><\/li><li><strong>T\u00fcrkiye Petrol Jeologlar\u0131 Derne\u011fi B\u00fclteni<\/strong><\/li><\/ol>\n\n\n\n<p><a href=\"http:\/\/www.tpjd.org.tr\/index.php?option=com_content&amp;view=category&amp;layout=theme2047:gallery&amp;id=34&amp;Itemid=199&amp;lang=tr\">http:\/\/www.tpjd.org.tr\/index.php?option=com_content&amp;view=category&amp;layout=theme2047:gallery&amp;id=34&amp;Itemid=199&amp;lang=tr<\/a><\/p>\n\n\n\n<ol start=\"3\"><li><strong>YERBILIMLERI, HACETTEPE \u00dcNIVERSITESI YERBILIMLERI UYGULAMA VE ARA\u015eTIRMA MERKEZI B\u00dcLTENI<\/strong><strong>&nbsp;<\/strong><\/li><\/ol>\n\n\n\n<p><a href=\"http:\/\/www.yerbilimleri.hacettepe.edu.tr\/\">http:\/\/www.yerbilimleri.hacettepe.edu.tr\/<\/a><\/p>\n\n\n\n<ol start=\"4\"><li><strong>JEOMORFOLOJIK ARA\u015eTIRMALAR DERGISI<\/strong><\/li><\/ol>\n\n\n\n<p><a href=\"http:\/\/www.jd.org.tr\/icerik\/jeomorfoloji-dergisi\">http:\/\/www.jd.org.tr\/icerik\/jeomorfoloji-dergisi<\/a><\/p>\n\n\n\n<ol start=\"5\"><li><strong>T\u00dcRK CO\u011eRAFYA DERGISI<\/strong><\/li><\/ol>\n\n\n\n<p><a href=\"https:\/\/dergipark.org.tr\/tr\/pub\/tcd\">https:\/\/dergipark.org.tr\/tr\/pub\/tcd<\/a><\/p>\n","protected":false},"excerpt":{"rendered":"<p>\u0130lgili Dergiler MADEN TETKIK VE ARAMA DERGISIhttps:\/\/dergi.mta.gov.tr\/ T\u00fcrkiye Petrol Jeologlar\u0131 Derne\u011fi B\u00fclteni http:\/\/www.tpjd.org.tr\/index.php?option=com_content&amp;view=category&amp;layout=theme2047:gallery&amp;id=34&amp;Itemid=199&amp;lang=tr YERBILIMLERI, HACETTEPE \u00dcNIVERSITESI YERBILIMLERI UYGULAMA VE ARA\u015eTIRMA MERKEZI B\u00dcLTENI&nbsp; http:\/\/www.yerbilimleri.hacettepe.edu.tr\/ JEOMORFOLOJIK ARA\u015eTIRMALAR DERGISI http:\/\/www.jd.org.tr\/icerik\/jeomorfoloji-dergisi T\u00dcRK CO\u011eRAFYA DERGISI [&hellip;]<\/p>\n","protected":false},"author":1,"featured_media":0,"parent":0,"menu_order":0,"comment_status":"closed","ping_status":"closed","template":"","meta":{"_links_to":"","_links_to_target":""},"_links":{"self":[{"href":"https:\/\/yerbilimleri.org\/index.php\/wp-json\/wp\/v2\/pages\/186"}],"collection":[{"href":"https:\/\/yerbilimleri.org\/index.php\/wp-json\/wp\/v2\/pages"}],"about":[{"href":"https:\/\/yerbilimleri.org\/index.php\/wp-json\/wp\/v2\/types\/page"}],"author":[{"embeddable":true,"href":"https:\/\/yerbilimleri.org\/index.php\/wp-json\/wp\/v2\/users\/1"}],"replies":[{"embeddable":true,"href":"https:\/\/yerbilimleri.org\/index.php\/wp-json\/wp\/v2\/comments?post=186"}],"version-history":[{"count":3,"href":"https:\/\/yerbilimleri.org\/index.php\/wp-json\/wp\/v2\/pages\/186\/revisions"}],"predecessor-version":[{"id":263,"href":"https:\/\/yerbilimleri.org\/index.php\/wp-json\/wp\/v2\/pages\/186\/revisions\/263"}],"wp:attachment":[{"href":"https:\/\/yerbilimleri.org\/index.php\/wp-json\/wp\/v2\/media?parent=186"}],"curies":[{"name":"wp","href":"https:\/\/api.w.org\/{rel}","templated":true}]}}